even?
True
Does 2 divide 8779?
False
Does 137 divide 143939?
False
Is 357 a factor of 3841287?
False
Is 8 a factor of 1280000?
True
Is 18825 a multiple of 74?
False
Is 7645988 a multiple of 68?
True
Is 261 a factor of 5427247?
False
Is 381594 a multiple of 10?
False
Is 175 a factor of 517880?
False
Is 19671 a multiple of 59?
False
Is 17 a factor of 51182?
False
Is 15 a factor of 220435?
False
Is 200402 a multiple of 194?
True
Is 305040 a multiple of 5?
True
Is 184955 a multiple of 76?
False
Is 169 a factor of 605696?
True
Does 446 divide 1651635?
False
Is 456 a factor of 543612?
False
Does 4 divide 1625656?
True
Is 73 a factor of 190749?
True
Is 8 a factor of 263965?
False
Is 16168409 a multiple of 215?
False
Does 27 divide 2944431?
True
Is 1320853 a multiple of 130?
False
Is 3588317 a multiple of 67?
False
Is 12 a factor of 8489064?
True
Is 536 a factor of 2136496?
True
Is 3 a factor of 1379518?
False
Is 427 a factor of 2596160?
True
Does 50 divide 22065950?
True
Is 403 a factor of 2371252?
True
Is 67 a factor of 647769?
False
Is 181569 even?
False
Is 357247 a multiple of 264?
False
Is 59585 a multiple of 85?
True
Does 116 divide 553527?
False
Does 54 divide 6418656?
True
Does 254 divide 1274572?
True
Is 1734102 a multiple of 140?
False
Is 30 a factor of 62165?
False
Is 212904 a multiple of 36?
True
Is 15 a factor of 873360?
True
Is 902580 a multiple of 196?
True
Is 218350 a multiple of 85?
False
Is 5145645 a multiple of 385?
False
Is 7240767 a multiple of 573?
False
Does 18 divide 88290?
True
Does 175 divide 54551?
False
Is 3641730 a multiple of 114?
True
Is 128 a factor of 583568?
False
Does 1161 divide 21794953?
False
Does 11 divide 2071112?
False
Is 27 a factor of 56927?
False
Is 7 a factor of 15854?
False
Is 2723782 a multiple of 14?
False
Does 22 divide 520569?
False
Does 26 divide 18437778?
False
Is 291456 a multiple of 15?
False
Is 4 a factor of 5728?
True
Is 5646726 a multiple of 888?
False
Is 12443710 a multiple of 155?
True
Is 1375515 a multiple of 69?
True
Is 108 a factor of 645598?
False
Is 2345520 a multiple of 17?
False
Does 26 divide 73086?
True
Does 12 divide 1344456?
True
Does 125 divide 9737?
False
Is 300483 a multiple of 94?
False
Is 10 a factor of 34190?
True
Is 232 a factor of 6771152?
True
Is 203564 a multiple of 23?
False
Does 125 divide 775875?
True
Is 609468 a multiple of 11?
False
Is 2380502 a multiple of 9?
False
Does 100 divide 78000?
True
Does 11 divide 5404986?
False
Is 768 a factor of 19041220?
False
Is 4868426 a multiple of 389?
False
Is 60030 a multiple of 10?
True
Is 178894 a multiple of 415?
False
Is 6 a factor of 4886760?
True
Does 14 divide 1120807?
False
Is 849 a factor of 5639348?
False
Does 100 divide 386100?
True
Is 53461 a multiple of 193?
True
Is 5014932 a multiple of 1586?
True
Is 36 a factor of 676941?
False
Is 922689 a multiple of 198?
False
Is 28 a factor of 148232?
True
Is 619620 a multiple of 15?
True
Does 20 divide 1625419?
False
Is 2821808 a multiple of 10?
False
Does 331 divide 281681?
True
Is 19 a factor of 9497033?
False
Is 194 a factor of 200038?
False
Is 230658 a multiple of 74?
True
Is 8796420 a multiple of 360?
False
Does 19 divide 1339614?
True
Is 4 a factor of 95116?
True
Is 4 a factor of 369647?
False
Is 1359 a factor of 44486009?
False
Does 41 divide 111979?
False
Is 7777 a multiple of 11?
True
Is 9724257 a multiple of 23?
False
Is 2581174 a multiple of 64?
False
Does 8 divide 1053072?
True
Is 1499454 a multiple of 37?
False
Is 55558 even?
True
Does 677 divide 321575?
True
Is 26 a factor of 151170?
False
Is 2900762 a multiple of 5?
False
Is 63559 a multiple of 28?
False
Does 176 divide 20007?
False
Does 925 divide 14408162?
False
Is 484363 a multiple of 15?
False
Is 205125 a multiple of 547?
True
Is 253 a factor of 1140524?
True
Does 199 divide 923957?
True
Is 3 a factor of 2616?
True
Is 3 a factor of 6973?
False
Does 185 divide 595700?
True
Does 93 divide 128712?
True
Is 595 a factor of 495635?
True
Is 501630 a multiple of 230?
True
Is 73 a factor of 18323?
True
Is 59 a factor of 10212259?
False
Is 3795498 a multiple of 9?
True
Does 18 divide 6319656?
True
Is 1945356 a multiple of 28?
True
Is 16516 a multiple of 9?
False
Is 885685 a multiple of 95?
True
Is 16 a factor of 7723094?
False
Is 170 a factor of 644964?
False
Is 18 a factor of 9269461?
False
Is 224682 a multiple of 129?
False
Is 227 a factor of 4147290?
True
Is 7505 a multiple of 14?
False
Is 13 a factor of 69381?
True
Does 18 divide 796513?
False
Is 10 a factor of 112063?
False
Does 7 divide 664188?
True
Is 32818 a multiple of 269?
True
Is 382 a factor of 1911910?
True
Is 7 a factor of 11935?
True
Does 37 divide 241268?
False
Does 265 divide 4209525?
True
Is 391432 a multiple of 452?
True
Is 7279134 a multiple of 10?
False
Is 40 a factor of 400?
True
Does 98 divide 74676?
True
Is 1372628 a multiple of 319?
False
Is 2897945 a multiple of 7?
False
Is 345 a factor of 6628830?
True
Does 168 divide 2319912?
True
Is 335908 a multiple of 52?
False
Does 91 divide 122786?
False
Does 4 divide 342632?
True
Does 52 divide 65780?
True
Does 4 divide 1740748?
True
Does 108 divide 98928?
True
Is 33690 a multiple of 10?
True
Is 9479604 a multiple of 56?
False
Does 323 divide 1171106?
False
Is 1319472 a multiple of 28?
True
Is 202203 a multiple of 3?
True
Is 32 a factor of 329600?
True
Is 8809136 a multiple of 10?
False
Is 12 a factor of 657166?
False
Is 848340 a multiple of 9?
True
Is 358764 a multiple of 84?
True
Is 175 a factor of 50255?
False
Does 417 divide 1144248?
True
Does 15 divide 2985030?
True
Is 8 a factor of 1188664?
True
Is 36 a factor of 165356?
False
Is 1001432 a multiple of 10?
False
Is 955299 a multiple of 359?
True
Is 8 a factor of 127436?
False
Is 998 a factor of 7081808?
True
Is 81 a factor of 182979?
True
Is 664998 a multiple of 220?
False
Is 245085 a multiple of 15?
True
Does 57 divide 2303427?
True
Is 3 a factor of 2066499?
True
Is 127280 a multiple of 8?
True
Is 103536 a multiple of 72?
True
Is 9 a factor of 19719?
True
Is 123800 a multiple of 619?
True
Does 183 divide 1349076?
True
Is 30 a factor of 2361764?
False
Does 26 divide 324012?
True
Does 12 divide 445341?
False
Is 13 a factor of 5183230?
True
Is 685828 a multiple of 13?
True
Does 8 divide 72456?
True
Does 153 divide 2686311?
False
Is 1303406 a multiple of 4?
False
Is 444111 a multiple of 111?
True
Is 20 a factor of 14680?
True
Is 40469 a multiple of 11?
True
Does 885 divide 1490101?
False
Is 3 a factor of 42307?
False
Is 187 a factor of 759877?
False
Does 278 divide 6232204?
True
Is 6284 a multiple of 2?
True
Is 17 a factor of 32436?
True
Does 138 divide 621308?
False
Is 187 a factor of 7334040?
False
Does 410 divide 428916?
False
Is 19 a factor of 1506503?
False
Is 940578 a multiple of 491?
False
Is 15 a factor of 209610?
True
Does 528 divide 10377213?
False
Is 562115 a multiple of 649?
False
Does 133 divide 20121950?
False
Does 16 divide 5983644?
False
Is 412500 a multiple of 11?
True
Is 246864 a multiple of 7?
False
Does 21 divide 21504?
True
Is 115 a factor of 3569715?
True
Does 6 divide 426526?
False
Is 226 a factor of 11637192?
True
Does 15 divide 2939565?
True
Is 2867087 a multiple of 232?
False
Does 22 divide 2093170?
False
Is 47 a factor of 1047912?
True
Is 1455480 a multiple of 58?
False
Is 13 a factor of 4797?
True
Is 7769778 a multiple of 62?
True
Is 22310 a multiple of 11?
False
Is 51 a factor of 422066?
False
Is 123 a factor of 442554?
True
Is 1190 a factor of 6779365?
False
Does 58 divide 246384?
True
Does 20 divide 13069480?
True
Is 166 a factor of 217855?
False
Does 11 divide 2819537?
False
Is 4602300 a multiple of 58?
True
Is 164 a factor of 9724906?
False
Is 20 a factor of 218918?
False
Is 55 a factor of 103455?
True
Does 22 divide 361263?
False
Is 4 a factor of 581288?
True
Is 7 a factor of 11117512?
True
Is 916878 a multiple of 102?
True
Does 90 divide 2533500?
True
Is 21 a factor of 7054?
False
Does 27 divide 468895?
False
Is 42940 a multiple of 10?
True
Is 13 a factor of 7524356?
False
Is 569 a factor of 9399919?
False
Is 114 a factor of 7434282?
True
Does 10 divide 45366?
False
Is 1582384 a multiple of 20?
False
Does 8 divide 1327136?
True
Does 453 divide 3328644?
True
Does 33 divide 165518?
False
Does 138 divide 2665056?
Tr